y 369.
22
What is the remainder when 3071 is divided by 419?
138
Calculate the remainder when 121 is divided by 75.
46
Calculate the remainder when 87572 is divided by 29189.
5
What is the remainder when 12094 is divided by 930?
4
What is the remainder when 25120 is divided by 599?
561
What is the remainder when 20949 is divided by 2615?
29
Calculate the remainder when 1186919 is divided by 169558.
13
Calculate the remainder when 122619 is divided by 171.
12
Calculate the remainder when 3168 is divided by 283.
55
Calculate the remainder when 42530 is divided by 409.
403
Calculate the remainder when 6592 is divided by 5.
2
What is the remainder when 1690 is divided by 285?
265
Calculate the remainder when 12565 is divided by 78.
7
What is the remainder when 13139 is divided by 2255?
1864
Calculate the remainder when 23684 is divided by 2619.
113
Calculate the remainder when 173301 is divided by 62.
11
Calculate the remainder when 9836 is divided by 395.
356
What is the remainder when 30583 is divided by 211?
199
Calculate the remainder when 217510 is divided by 443.
440
What is the remainder when 80314 is divided by 117?
52
What is the remainder when 26802 is divided by 1116?
18
Calculate the remainder when 77657 is divided by 11.
8
Calculate the remainder when 86697 is divided by 1056.
105
Calculate the remainder when 318552 is divided by 12742.
2
Calculate the remainder when 596 is divided by 560.
36
What is the remainder when 5539 is divided by 105?
79
What is the remainder when 2348 is divided by 1438?
910
Calculate the remainder when 12497 is divided by 274.
167
What is the remainder when 518 is divided by 153?
59
What is the remainder when 449644 is divided by 997?
994
Calculate the remainder when 763126 is divided by 644.
630
Calculate the remainder when 283779 is divided by 135.
9
What is the remainder when 11354 is divided by 5?
4
Calculate the remainder when 13523 is divided by 21.
20
Calculate the remainder when 7924 is divided by 3856.
212
What is the remainder when 1318 is divided by 376?
190
What is the remainder when 22658 is divided by 169?
12
What is the remainder when 465449 is divided by 403?
387
What is the remainder when 789225 is divided by 922?
915
What is the remainder when 398639 is divided by 55?
54
Calculate the remainder when 2018 is divided by 669.
11
Calculate the remainder when 21404 is divided by 4279.
9
What is the remainder when 28510 is divided by 100?
10
Calculate the remainder when 69215 is divided by 8.
7
What is the remainder when 7572 is divided by 27?
12
What is the remainder when 24270 is divided by 2413?
140
What is the remainder when 45895 is divided by 1910?
55
Calculate the remainder when 1732 is divided by 330.
82
Calculate the remainder when 62294 is divided by 7772.
118
What is the remainder when 11423 is divided by 197?
194
What is the remainder when 5402 is divided by 119?
47
What is the remainder when 35890 is divided by 2243?
2
What is the remainder when 1379 is divided by 23?
22
What is the remainder when 1613 is divided by 308?
73
What is the remainder when 70013 is divided by 61?
46
What is the remainder when 59480 is divided by 8496?
8
Calculate the remainder when 1929 is divided by 5.
4
What is the remainder when 214577 is divided by 273?
272
Calculate the remainder when 11155 is divided by 3599.
358
What is the remainder when 15039 is divided by 4958?
165
Calculate the remainder when 154517 is divided by 283.
282
What is the remainder when 1775 is divided by 93?
8
What is the remainder when 1531 is divided by 238?
103
Calculate the remainder when 7692 is divided by 82.
66
Calculate the remainder when 127488 is divided by 53.
23
Calculate the remainder when 36286 is divided by 72.
70
What is the remainder when 2161 is divided by 825?
511
What is the remainder when 32961 is divided by 8225?
61
What is the remainder when 10086 is divided by 224?
6
What is the remainder when 642 is divided by 12?
6
What is the remainder when 31466 is divided by 39?
32
Calculate the remainder when 7922 is divided by 3939.
44
Calculate the remainder when 808299 is divided by 685.
684
What is the remainder when 268 is divided by 61?
24
What is the remainder when 36342 is divided by 4?
2
What is the remainder when 15523 is divided by 38?
19
What is the remainder when 24293 is divided by 476?
17
What is the remainder when 81480 is divided by 157?
154
What is the remainder when 11088 is divided by 1847?
6
What is the remainder when 574640 is divided by 409?
404
What is the remainder when 400 is divided by 342?
58
What is the remainder when 244450 is divided by 129?
124
Calculate the remainder when 1166364 is divided by 8.
4
What is the remainder when 11563 is divided by 138?
109
Calculate the remainder when 1059 is divided by 90.
69
What is the remainder when 265823 is divided by 281?
278
Calculate the remainder when 3123 is divided by 507.
81
Calculate the remainder when 56559 is divided by 28275.
9
Calculate the remainder when 51643 is divided by 12908.
11
Calculate the remainder when 2422 is divided by 71.
8
Calculate the remainder when 5071 is divided by 1662.
85
What is the remainder when 43212 is divided by 6166?
50
What is the remainder when 244322 is divided by 34?
32
What is the remainder when 4094 is divided by 55?
24
What is the remainder when 24901 is divided by 8294?
19
What is the remainder when 4585190 is divided by 19?
15
What is the remainder when 118763 is divided by 12?
11
What is the remainder when 26803 is divided by 327?
316
What is the remainder when 91180 is divided by 68?
60
Calculate the remainder when 1293296 is divided by 675.
671
What is the remainder when 45496 is divided by 98?
24
What is the remainder when 2408 is divided by 579?
92
Calculate the remainder when 78970 is divided by 1760.
1530
What is the remainder when 127731 is divided by 1277?
31
What is the remainder when 4834 is divided by 157?
124
Calculate the remainder when 8304 is divided by 307.
15
Calculate the remainder when 82655 is divided by 41310.
35
What is the remainder when 63177 is divided by 12631?
22
What is the remainder when 340 is divided by 136?
68
What is the remainder when 60097 is divided by 182?
37
What is the remainder when 162726 is divided by 40680?
6
What is the remainder when 5442 is divided by 26?
8
Calculate the remainder when 11523 is divided by 470.
243
Calculate the remainder when 18012 is divided by 5940.
192
What is the remainder when 13420 is divided by 263?
7
What is the remainder when 20568 is divided by 826?
744
Calculate the remainder when 125046 is divided by 406.
404
What is the remainder when 147234 is divided by 1303?
1298
What is the remainder when 27371 is divided by 86?
23
Calculate the remainder when 4928108 is divided by 252.
248
What is the remainder when 16625 is divided by 13?
11
What is the remainder when 39498 is divided by 9861?
54
What is the remainder when 203 is divided by 129?
74
Calculate the remainder when 995519 is divided by 136.
135
Calculate the remainder when 736 is divided by 207.
115
Calculate the remainder when 12129 is divided by 102.
93
What is the remainder when 21366 is divided by 190?
86
What is the remainder when 4875240 is divided by 877?
874
What is the remainder when 15669 is divided by 134?
125
Calculate the remainder when 8608 is divided by 480.
448
What is the remainder when 31362 is divided by 334?
300
Calculate the remainder when 182334 is divided by 46.
36
Calculate the remainder when 4016 is divided by 63.
47
What is the remainder when 3619 is divided by 244?
203
Calculate the remainder when 206744 is divided by 1238.
1236
What is the remainder when 1333 is divided by 25?
8
What is the remainder when 242827 is divided by 34?
33
What is the remainder when 884983 is divided by 884972?
11
What is the remainder when 3067 is divided by 3057?
10
What is the remainder when 4718318 is divided by 21?
17
Calculate the remainder when 14236 is divided by 18.
16
What is the remainder when 91001 is divided by 49?
8
Calculate the remainder when 613885 is divided by 26.
25
What is the remainder when 308022 is divided by 308010?
12
What is the remainder when 4121 is divided by 465?
401
Calculate the remainder when 252129 is divided by 256.
225
What is the